{"id":65510,"date":"2025-02-16T09:00:04","date_gmt":"2025-02-16T09:00:04","guid":{"rendered":"https:\/\/selleriapassionecavallo.it\/?page_id=65510"},"modified":"2025-02-16T09:15:42","modified_gmt":"2025-02-16T09:15:42","slug":"chi-siamo","status":"publish","type":"page","link":"https:\/\/selleriapassionecavallo.it\/?page_id=65510","title":{"rendered":"Chi Siamo"},"content":{"rendered":"\t\t<div data-elementor-type=\"wp-page\" data-elementor-id=\"65510\" class=\"elementor elementor-65510\">\n\t\t\t\t<div class=\"elementor-element elementor-element-01a486c e-flex e-con-boxed wpr-particle-no wpr-jarallax-no wpr-parallax-no wpr-sticky-section-no e-con e-parent\" data-id=\"01a486c\" data-element_type=\"container\">\n\t\t\t\t\t<div class=\"e-con-inner\">\n\t\t\t\t<div class=\"elementor-element elementor-element-c7d2f39 elementor-widget elementor-widget-text-editor\" data-id=\"c7d2f39\" data-element_type=\"widget\" data-widget_type=\"text-editor.default\">\n\t\t\t\t<div class=\"elementor-widget-container\">\n\t\t\t\t\t\t\t\t\t<p><strong>La Selleria #PassioneCavallo nasce nel 2010 dal sogno di due giovani imprenditori, spinti dall&#8217;amore e dalla passione per il mondo dell&#8217;equitazione. Ci\u00f2 che era un semplice desiderio si \u00e8 trasformato in un&#8217;attivit\u00e0 solida e in continua crescita, diventando un punto di riferimento per cavalieri e amanti dei cavalli. <\/strong><strong>Offriamo un&#8217;ampia gamma di articoli delle migliori marche per soddisfare ogni esigenza di cavalli e cavalieri, garantendo sempre qualit\u00e0, variet\u00e0 e competenza. <\/strong><strong>Situata a Favara, nel cuore della provincia di Agrigento, la nostra selleria \u00e8 facilmente raggiungibile da qualsiasi punto della Sicilia grazie agli ottimi collegamenti stradali. <\/strong><strong>Ci impegniamo ogni giorno per offrire un servizio attento e professionale, accogliendo ogni cliente con cortesia e disponibilit\u00e0, facendolo sentire sempre a casa. <\/strong><strong>La Selleria #PassioneCavallo non \u00e8 solo un negozio, ma una comunit\u00e0 dove la passione per l&#8217;equitazione trova la sua espressione pi\u00f9 autentica.<\/strong><\/p><p>\u00a0<\/p>\t\t\t\t\t\t\t\t<\/div>\n\t\t\t\t<\/div>\n\t\t\t\t\t<\/div>\n\t\t\t\t<\/div>\n\t\t<div class=\"elementor-element elementor-element-19305a1 e-flex e-con-boxed wpr-particle-no wpr-jarallax-no wpr-parallax-no wpr-sticky-section-no e-con e-parent\" data-id=\"19305a1\" data-element_type=\"container\">\n\t\t\t\t\t<div class=\"e-con-inner\">\n\t\t<div class=\"elementor-element elementor-element-606b0fe e-grid e-con-full wpr-particle-no wpr-jarallax-no wpr-parallax-no wpr-sticky-section-no e-con e-child\" data-id=\"606b0fe\" data-element_type=\"container\">\n\t\t\t\t<div class=\"elementor-element elementor-element-beffc5a elementor-widget elementor-widget-heading\" data-id=\"beffc5a\" data-element_type=\"widget\" data-widget_type=\"heading.default\">\n\t\t\t\t<div class=\"elementor-widget-container\">\n\t\t\t\t\t<h1 class=\"elementor-heading-title elementor-size-default\">DUBBI O DOMANDE?<\/h1>\t\t\t\t<\/div>\n\t\t\t\t<\/div>\n\t\t\t\t<\/div>\n\t\t\t\t\t<\/div>\n\t\t\t\t<\/div>\n\t\t<div class=\"elementor-element elementor-element-11b8889 e-flex e-con-boxed wpr-particle-no wpr-jarallax-no wpr-parallax-no wpr-sticky-section-no e-con e-parent\" data-id=\"11b8889\" data-element_type=\"container\">\n\t\t\t\t\t<div class=\"e-con-inner\">\n\t\t<div class=\"elementor-element elementor-element-765eefe e-con-full e-flex wpr-particle-no wpr-jarallax-no wpr-parallax-no wpr-sticky-section-no e-con e-child\" data-id=\"765eefe\" data-element_type=\"container\">\n\t\t\t\t<div class=\"elementor-element elementor-element-39759ea elementor-widget elementor-widget-image\" data-id=\"39759ea\" data-element_type=\"widget\" data-widget_type=\"image.default\">\n\t\t\t\t<div class=\"elementor-widget-container\">\n\t\t\t\t\t\t\t\t\t\t\t\t\t\t\t<img fetchpriority=\"high\" decoding=\"async\" width=\"300\" height=\"202\" src=\"https:\/\/selleriapassionecavallo.it\/wp-content\/uploads\/2025\/02\/logo-passione-cavallo_page-0001-Photoroom-113x76.png\" class=\"attachment-medium size-medium wp-image-50943\" alt=\"\" srcset=\"https:\/\/selleriapassionecavallo.it\/wp-content\/uploads\/2025\/02\/logo-passione-cavallo_page-0001-Photoroom-300x202.png 300w, https:\/\/selleriapassionecavallo.it\/wp-content\/uploads\/2025\/02\/logo-passione-cavallo_page-0001-Photoroom-64x43.png 64w, https:\/\/selleriapassionecavallo.it\/wp-content\/uploads\/2025\/02\/logo-passione-cavallo_page-0001-Photoroom-113x76.png 113w, https:\/\/selleriapassionecavallo.it\/wp-content\/uploads\/2025\/02\/logo-passione-cavallo_page-0001-Photoroom.png 361w\" sizes=\"(max-width: 300px) 100vw, 300px\" \/>\t\t\t\t\t\t\t\t\t\t\t\t\t\t\t<\/div>\n\t\t\t\t<\/div>\n\t\t\t\t<\/div>\n\t\t<div class=\"elementor-element elementor-element-63c5495 e-con-full e-flex wpr-particle-no wpr-jarallax-no wpr-parallax-no wpr-sticky-section-no e-con e-child\" data-id=\"63c5495\" data-element_type=\"container\">\n\t\t\t\t<div class=\"elementor-element elementor-element-2b0bd9d elementor-widget elementor-widget-heading\" data-id=\"2b0bd9d\" data-element_type=\"widget\" data-widget_type=\"heading.default\">\n\t\t\t\t<div class=\"elementor-widget-container\">\n\t\t\t\t\t<h2 class=\"elementor-heading-title elementor-size-default\"><br>CONTATTACI<\/h2>\t\t\t\t<\/div>\n\t\t\t\t<\/div>\n\t\t\t\t<\/div>\n\t\t\t\t\t<\/div>\n\t\t\t\t<\/div>\n\t\t<div class=\"elementor-element elementor-element-3070b9d e-flex e-con-boxed wpr-particle-no wpr-jarallax-no wpr-parallax-no wpr-sticky-section-no e-con e-parent\" data-id=\"3070b9d\" data-element_type=\"container\">\n\t\t\t\t\t<div class=\"e-con-inner\">\n\t\t\t\t<div class=\"elementor-element elementor-element-ec15d25 elementor-widget elementor-widget-shortcode\" data-id=\"ec15d25\" data-element_type=\"widget\" data-widget_type=\"shortcode.default\">\n\t\t\t\t<div class=\"elementor-widget-container\">\n\t\t\t\t\t\t\t<div class=\"elementor-shortcode\">\n<div class=\"wpcf7 no-js\" id=\"wpcf7-f28606-o1\" lang=\"it-IT\" dir=\"ltr\" data-wpcf7-id=\"28606\">\n<div class=\"screen-reader-response\"><p role=\"status\" aria-live=\"polite\" aria-atomic=\"true\"><\/p> <ul><\/ul><\/div>\n<form action=\"\/index.php?rest_route=%2Fwp%2Fv2%2Fpages%2F65510#wpcf7-f28606-o1\" method=\"post\" class=\"wpcf7-form init\" aria-label=\"Modulo di contatto\" novalidate=\"novalidate\" data-status=\"init\">\n<div style=\"display: none;\">\n<input type=\"hidden\" name=\"_wpcf7\" value=\"28606\" \/>\n<input type=\"hidden\" name=\"_wpcf7_version\" value=\"6.0.5\" \/>\n<input type=\"hidden\" name=\"_wpcf7_locale\" value=\"it_IT\" \/>\n<input type=\"hidden\" name=\"_wpcf7_unit_tag\" value=\"wpcf7-f28606-o1\" \/>\n<input type=\"hidden\" name=\"_wpcf7_container_post\" value=\"0\" \/>\n<input type=\"hidden\" name=\"_wpcf7_posted_data_hash\" value=\"\" \/>\n<input type=\"hidden\" name=\"_wpcf7_recaptcha_response\" value=\"\" \/>\n<\/div>\n<p><label> Il tuo nome<br \/>\n<span class=\"wpcf7-form-control-wrap\" data-name=\"your-name\"><input size=\"40\" maxlength=\"400\" class=\"wpcf7-form-control wpcf7-text wpcf7-validates-as-required\" autocomplete=\"name\" aria-required=\"true\" aria-invalid=\"false\" value=\"\" type=\"text\" name=\"your-name\" \/><\/span> <\/label>\n<\/p>\n<p><label> La tua email<br \/>\n<span class=\"wpcf7-form-control-wrap\" data-name=\"your-email\"><input size=\"40\" maxlength=\"400\" class=\"wpcf7-form-control wpcf7-email wpcf7-validates-as-required wpcf7-text wpcf7-validates-as-email\" autocomplete=\"email\" aria-required=\"true\" aria-invalid=\"false\" value=\"\" type=\"email\" name=\"your-email\" \/><\/span> <\/label>\n<\/p>\n<p><label> Oggetto<br \/>\n<span class=\"wpcf7-form-control-wrap\" data-name=\"your-subject\"><input size=\"40\" maxlength=\"400\" class=\"wpcf7-form-control wpcf7-text wpcf7-validates-as-required\" aria-required=\"true\" aria-invalid=\"false\" value=\"\" type=\"text\" name=\"your-subject\" \/><\/span> <\/label>\n<\/p>\n<p><label> Il tuo messaggio (facoltativo)<br \/>\n<span class=\"wpcf7-form-control-wrap\" data-name=\"your-message\"><textarea cols=\"40\" rows=\"10\" maxlength=\"2000\" class=\"wpcf7-form-control wpcf7-textarea\" aria-invalid=\"false\" name=\"your-message\"><\/textarea><\/span> <\/label>\n<\/p>\n<p><input class=\"wpcf7-form-control wpcf7-submit has-spinner\" type=\"submit\" value=\"Invia\" \/>\n<\/p><div class=\"wpcf7-response-output\" aria-hidden=\"true\"><\/div>\n<\/form>\n<\/div>\n<\/div>\n\t\t\t\t\t\t<\/div>\n\t\t\t\t<\/div>\n\t\t\t\t\t<\/div>\n\t\t\t\t<\/div>\n\t\t\t\t<\/div>\n\t\t","protected":false},"excerpt":{"rendered":"<p>La Selleria #PassioneCavallo nasce nel 2010 dal sogno di due giovani imprenditori, spinti dall&#8217;amore e dalla passione per il mondo dell&#8217;equitazione. Ci\u00f2 che era un semplice desiderio si \u00e8 trasformato in un&#8217;attivit\u00e0 solida e in continua crescita, diventando un punto di riferimento per cavalieri e amanti dei cavalli. Offriamo un&#8217;ampia gamma di articoli delle migliori marche per soddisfare ogni esigenza di cavalli e cavalieri, garantendo sempre qualit\u00e0, variet\u00e0 e competenza. Situata a Favara, nel cuore della provincia di Agrigento, la nostra selleria \u00e8 facilmente raggiungibile da qualsiasi punto della Sicilia grazie agli ottimi collegamenti stradali. Ci impegniamo ogni giorno per offrire un servizio attento e professionale, accogliendo ogni cliente con cortesia e disponibilit\u00e0, facendolo sentire sempre a casa. La Selleria #PassioneCavallo non \u00e8 solo un negozio, ma una comunit\u00e0 dove la passione per l&#8217;equitazione trova la sua espressione pi\u00f9 autentica. \u00a0 DUBBI O DOMANDE? CONTATTACI<\/p>\n","protected":false},"author":1,"featured_media":0,"parent":0,"menu_order":0,"comment_status":"closed","ping_status":"closed","template":"","meta":{"site-sidebar-layout":"default","site-content-layout":"","ast-site-content-layout":"","site-content-style":"default","site-sidebar-style":"default","ast-global-header-display":"","ast-banner-title-visibility":"","ast-main-header-display":"","ast-hfb-above-header-display":"","ast-hfb-below-header-display":"","ast-hfb-mobile-header-display":"","site-post-title":"","ast-breadcrumbs-content":"","ast-featured-img":"","footer-sml-layout":"","theme-transparent-header-meta":"","adv-header-id-meta":"","stick-header-meta":"","header-above-stick-meta":"","header-main-stick-meta":"","header-below-stick-meta":"","astra-migrate-meta-layouts":"default","ast-page-background-enabled":"default","ast-page-background-meta":{"desktop":{"background-color":"var(--ast-global-color-5)","background-image":"","background-repeat":"repeat","background-position":"center center","background-size":"auto","background-attachment":"scroll","background-type":"","background-media":"","overlay-type":"","overlay-color":"","overlay-opacity":"","overlay-gradient":""},"tablet":{"background-color":"","background-image":"","background-repeat":"repeat","background-position":"center center","background-size":"auto","background-attachment":"scroll","background-type":"","background-media":"","overlay-type":"","overlay-color":"","overlay-opacity":"","overlay-gradient":""},"mobile":{"background-color":"","background-image":"","background-repeat":"repeat","background-position":"center center","background-size":"auto","background-attachment":"scroll","background-type":"","background-media":"","overlay-type":"","overlay-color":"","overlay-opacity":"","overlay-gradient":""}},"ast-content-background-meta":{"desktop":{"background-color":"var(--ast-global-color-4)","background-image":"","background-repeat":"repeat","background-position":"center center","background-size":"auto","background-attachment":"scroll","background-type":"","background-media":"","overlay-type":"","overlay-color":"","overlay-opacity":"","overlay-gradient":""},"tablet":{"background-color":"var(--ast-global-color-4)","background-image":"","background-repeat":"repeat","background-position":"center center","background-size":"auto","background-attachment":"scroll","background-type":"","background-media":"","overlay-type":"","overlay-color":"","overlay-opacity":"","overlay-gradient":""},"mobile":{"background-color":"var(--ast-global-color-4)","background-image":"","background-repeat":"repeat","background-position":"center center","background-size":"auto","background-attachment":"scroll","background-type":"","background-media":"","overlay-type":"","overlay-color":"","overlay-opacity":"","overlay-gradient":""}},"footnotes":""},"class_list":["post-65510","page","type-page","status-publish","hentry"],"yoast_head":"<!-- This site is optimized with the Yoast SEO plugin v25.3.1 - https:\/\/yoast.com\/wordpress\/plugins\/seo\/ -->\n<title>Chi Siamo - Selleria Passione Cavallo<\/title>\n<meta name=\"robots\" content=\"index, follow, max-snippet:-1, max-image-preview:large, max-video-preview:-1\" \/>\n<link rel=\"canonical\" href=\"https:\/\/selleriapassionecavallo.it\/?page_id=65510\" \/>\n<meta property=\"og:locale\" content=\"it_IT\" \/>\n<meta property=\"og:type\" content=\"article\" \/>\n<meta property=\"og:title\" content=\"Chi Siamo - Selleria Passione Cavallo\" \/>\n<meta property=\"og:description\" content=\"La Selleria #PassioneCavallo nasce nel 2010 dal sogno di due giovani imprenditori, spinti dall&#8217;amore e dalla passione per il mondo dell&#8217;equitazione. Ci\u00f2 che era un semplice desiderio si \u00e8 trasformato in un&#8217;attivit\u00e0 solida e in continua crescita, diventando un punto di riferimento per cavalieri e amanti dei cavalli. Offriamo un&#8217;ampia gamma di articoli delle migliori marche per soddisfare ogni esigenza di cavalli e cavalieri, garantendo sempre qualit\u00e0, variet\u00e0 e competenza. Situata a Favara, nel cuore della provincia di Agrigento, la nostra selleria \u00e8 facilmente raggiungibile da qualsiasi punto della Sicilia grazie agli ottimi collegamenti stradali. Ci impegniamo ogni giorno per offrire un servizio attento e professionale, accogliendo ogni cliente con cortesia e disponibilit\u00e0, facendolo sentire sempre a casa. La Selleria #PassioneCavallo non \u00e8 solo un negozio, ma una comunit\u00e0 dove la passione per l&#8217;equitazione trova la sua espressione pi\u00f9 autentica. \u00a0 DUBBI O DOMANDE? CONTATTACI\" \/>\n<meta property=\"og:url\" content=\"https:\/\/selleriapassionecavallo.it\/?page_id=65510\" \/>\n<meta property=\"og:site_name\" content=\"Selleria Passione Cavallo\" \/>\n<meta property=\"article:publisher\" content=\"https:\/\/www.facebook.com\/passionecavallo2019\/?locale=it_IT\" \/>\n<meta property=\"article:modified_time\" content=\"2025-02-16T09:15:42+00:00\" \/>\n<meta property=\"og:image\" content=\"https:\/\/selleriapassionecavallo.it\/wp-content\/uploads\/2025\/02\/logo-passione-cavallo_page-0001-Photoroom-300x202.png\" \/>\n<meta name=\"twitter:card\" content=\"summary_large_image\" \/>\n<meta name=\"twitter:label1\" content=\"Tempo di lettura stimato\" \/>\n\t<meta name=\"twitter:data1\" content=\"1 minuto\" \/>\n<script type=\"application\/ld+json\" class=\"yoast-schema-graph\">{\"@context\":\"https:\/\/schema.org\",\"@graph\":[{\"@type\":\"WebPage\",\"@id\":\"https:\/\/selleriapassionecavallo.it\/?page_id=65510\",\"url\":\"https:\/\/selleriapassionecavallo.it\/?page_id=65510\",\"name\":\"Chi Siamo - Selleria Passione Cavallo\",\"isPartOf\":{\"@id\":\"https:\/\/selleriapassionecavallo.it\/#website\"},\"primaryImageOfPage\":{\"@id\":\"https:\/\/selleriapassionecavallo.it\/?page_id=65510#primaryimage\"},\"image\":{\"@id\":\"https:\/\/selleriapassionecavallo.it\/?page_id=65510#primaryimage\"},\"thumbnailUrl\":\"https:\/\/selleriapassionecavallo.it\/wp-content\/uploads\/2025\/02\/logo-passione-cavallo_page-0001-Photoroom-300x202.png\",\"datePublished\":\"2025-02-16T09:00:04+00:00\",\"dateModified\":\"2025-02-16T09:15:42+00:00\",\"breadcrumb\":{\"@id\":\"https:\/\/selleriapassionecavallo.it\/?page_id=65510#breadcrumb\"},\"inLanguage\":\"it-IT\",\"potentialAction\":[{\"@type\":\"ReadAction\",\"target\":[\"https:\/\/selleriapassionecavallo.it\/?page_id=65510\"]}]},{\"@type\":\"ImageObject\",\"inLanguage\":\"it-IT\",\"@id\":\"https:\/\/selleriapassionecavallo.it\/?page_id=65510#primaryimage\",\"url\":\"https:\/\/selleriapassionecavallo.it\/wp-content\/uploads\/2025\/02\/logo-passione-cavallo_page-0001-Photoroom.png\",\"contentUrl\":\"https:\/\/selleriapassionecavallo.it\/wp-content\/uploads\/2025\/02\/logo-passione-cavallo_page-0001-Photoroom.png\",\"width\":361,\"height\":243},{\"@type\":\"BreadcrumbList\",\"@id\":\"https:\/\/selleriapassionecavallo.it\/?page_id=65510#breadcrumb\",\"itemListElement\":[{\"@type\":\"ListItem\",\"position\":1,\"name\":\"Home\",\"item\":\"https:\/\/selleriapassionecavallo.it\/\"},{\"@type\":\"ListItem\",\"position\":2,\"name\":\"Chi Siamo\"}]},{\"@type\":\"WebSite\",\"@id\":\"https:\/\/selleriapassionecavallo.it\/#website\",\"url\":\"https:\/\/selleriapassionecavallo.it\/\",\"name\":\"selleriapassionecavallo.it\",\"description\":\"Da sempre con Passione!\",\"publisher\":{\"@id\":\"https:\/\/selleriapassionecavallo.it\/#organization\"},\"potentialAction\":[{\"@type\":\"SearchAction\",\"target\":{\"@type\":\"EntryPoint\",\"urlTemplate\":\"https:\/\/selleriapassionecavallo.it\/?s={search_term_string}\"},\"query-input\":{\"@type\":\"PropertyValueSpecification\",\"valueRequired\":true,\"valueName\":\"search_term_string\"}}],\"inLanguage\":\"it-IT\"},{\"@type\":\"Organization\",\"@id\":\"https:\/\/selleriapassionecavallo.it\/#organization\",\"name\":\"Chianetta Giuseppe\",\"url\":\"https:\/\/selleriapassionecavallo.it\/\",\"logo\":{\"@type\":\"ImageObject\",\"inLanguage\":\"it-IT\",\"@id\":\"https:\/\/selleriapassionecavallo.it\/#\/schema\/logo\/image\/\",\"url\":\"https:\/\/selleriapassionecavallo.it\/wp-content\/uploads\/2025\/02\/logo-passione-cavallo_page-0001-Photoroom.png\",\"contentUrl\":\"https:\/\/selleriapassionecavallo.it\/wp-content\/uploads\/2025\/02\/logo-passione-cavallo_page-0001-Photoroom.png\",\"width\":361,\"height\":243,\"caption\":\"Chianetta Giuseppe\"},\"image\":{\"@id\":\"https:\/\/selleriapassionecavallo.it\/#\/schema\/logo\/image\/\"},\"sameAs\":[\"https:\/\/www.facebook.com\/passionecavallo2019\/?locale=it_IT\",\"https:\/\/www.instagram.com\/passione_cavallo_\/\"]}]}<\/script>\n<!-- \/ Yoast SEO plugin. -->","yoast_head_json":{"title":"Chi Siamo - Selleria Passione Cavallo","robots":{"index":"index","follow":"follow","max-snippet":"max-snippet:-1","max-image-preview":"max-image-preview:large","max-video-preview":"max-video-preview:-1"},"canonical":"https:\/\/selleriapassionecavallo.it\/?page_id=65510","og_locale":"it_IT","og_type":"article","og_title":"Chi Siamo - Selleria Passione Cavallo","og_description":"La Selleria #PassioneCavallo nasce nel 2010 dal sogno di due giovani imprenditori, spinti dall&#8217;amore e dalla passione per il mondo dell&#8217;equitazione. Ci\u00f2 che era un semplice desiderio si \u00e8 trasformato in un&#8217;attivit\u00e0 solida e in continua crescita, diventando un punto di riferimento per cavalieri e amanti dei cavalli. Offriamo un&#8217;ampia gamma di articoli delle migliori marche per soddisfare ogni esigenza di cavalli e cavalieri, garantendo sempre qualit\u00e0, variet\u00e0 e competenza. Situata a Favara, nel cuore della provincia di Agrigento, la nostra selleria \u00e8 facilmente raggiungibile da qualsiasi punto della Sicilia grazie agli ottimi collegamenti stradali. Ci impegniamo ogni giorno per offrire un servizio attento e professionale, accogliendo ogni cliente con cortesia e disponibilit\u00e0, facendolo sentire sempre a casa. La Selleria #PassioneCavallo non \u00e8 solo un negozio, ma una comunit\u00e0 dove la passione per l&#8217;equitazione trova la sua espressione pi\u00f9 autentica. \u00a0 DUBBI O DOMANDE? CONTATTACI","og_url":"https:\/\/selleriapassionecavallo.it\/?page_id=65510","og_site_name":"Selleria Passione Cavallo","article_publisher":"https:\/\/www.facebook.com\/passionecavallo2019\/?locale=it_IT","article_modified_time":"2025-02-16T09:15:42+00:00","og_image":[{"url":"https:\/\/selleriapassionecavallo.it\/wp-content\/uploads\/2025\/02\/logo-passione-cavallo_page-0001-Photoroom-300x202.png","type":"","width":"","height":""}],"twitter_card":"summary_large_image","twitter_misc":{"Tempo di lettura stimato":"1 minuto"},"schema":{"@context":"https:\/\/schema.org","@graph":[{"@type":"WebPage","@id":"https:\/\/selleriapassionecavallo.it\/?page_id=65510","url":"https:\/\/selleriapassionecavallo.it\/?page_id=65510","name":"Chi Siamo - Selleria Passione Cavallo","isPartOf":{"@id":"https:\/\/selleriapassionecavallo.it\/#website"},"primaryImageOfPage":{"@id":"https:\/\/selleriapassionecavallo.it\/?page_id=65510#primaryimage"},"image":{"@id":"https:\/\/selleriapassionecavallo.it\/?page_id=65510#primaryimage"},"thumbnailUrl":"https:\/\/selleriapassionecavallo.it\/wp-content\/uploads\/2025\/02\/logo-passione-cavallo_page-0001-Photoroom-300x202.png","datePublished":"2025-02-16T09:00:04+00:00","dateModified":"2025-02-16T09:15:42+00:00","breadcrumb":{"@id":"https:\/\/selleriapassionecavallo.it\/?page_id=65510#breadcrumb"},"inLanguage":"it-IT","potentialAction":[{"@type":"ReadAction","target":["https:\/\/selleriapassionecavallo.it\/?page_id=65510"]}]},{"@type":"ImageObject","inLanguage":"it-IT","@id":"https:\/\/selleriapassionecavallo.it\/?page_id=65510#primaryimage","url":"https:\/\/selleriapassionecavallo.it\/wp-content\/uploads\/2025\/02\/logo-passione-cavallo_page-0001-Photoroom.png","contentUrl":"https:\/\/selleriapassionecavallo.it\/wp-content\/uploads\/2025\/02\/logo-passione-cavallo_page-0001-Photoroom.png","width":361,"height":243},{"@type":"BreadcrumbList","@id":"https:\/\/selleriapassionecavallo.it\/?page_id=65510#breadcrumb","itemListElement":[{"@type":"ListItem","position":1,"name":"Home","item":"https:\/\/selleriapassionecavallo.it\/"},{"@type":"ListItem","position":2,"name":"Chi Siamo"}]},{"@type":"WebSite","@id":"https:\/\/selleriapassionecavallo.it\/#website","url":"https:\/\/selleriapassionecavallo.it\/","name":"selleriapassionecavallo.it","description":"Da sempre con Passione!","publisher":{"@id":"https:\/\/selleriapassionecavallo.it\/#organization"},"potentialAction":[{"@type":"SearchAction","target":{"@type":"EntryPoint","urlTemplate":"https:\/\/selleriapassionecavallo.it\/?s={search_term_string}"},"query-input":{"@type":"PropertyValueSpecification","valueRequired":true,"valueName":"search_term_string"}}],"inLanguage":"it-IT"},{"@type":"Organization","@id":"https:\/\/selleriapassionecavallo.it\/#organization","name":"Chianetta Giuseppe","url":"https:\/\/selleriapassionecavallo.it\/","logo":{"@type":"ImageObject","inLanguage":"it-IT","@id":"https:\/\/selleriapassionecavallo.it\/#\/schema\/logo\/image\/","url":"https:\/\/selleriapassionecavallo.it\/wp-content\/uploads\/2025\/02\/logo-passione-cavallo_page-0001-Photoroom.png","contentUrl":"https:\/\/selleriapassionecavallo.it\/wp-content\/uploads\/2025\/02\/logo-passione-cavallo_page-0001-Photoroom.png","width":361,"height":243,"caption":"Chianetta Giuseppe"},"image":{"@id":"https:\/\/selleriapassionecavallo.it\/#\/schema\/logo\/image\/"},"sameAs":["https:\/\/www.facebook.com\/passionecavallo2019\/?locale=it_IT","https:\/\/www.instagram.com\/passione_cavallo_\/"]}]}},"jetpack_sharing_enabled":true,"_links":{"self":[{"href":"https:\/\/selleriapassionecavallo.it\/index.php?rest_route=\/wp\/v2\/pages\/65510","targetHints":{"allow":["GET"]}}],"collection":[{"href":"https:\/\/selleriapassionecavallo.it\/index.php?rest_route=\/wp\/v2\/pages"}],"about":[{"href":"https:\/\/selleriapassionecavallo.it\/index.php?rest_route=\/wp\/v2\/types\/page"}],"author":[{"embeddable":true,"href":"https:\/\/selleriapassionecavallo.it\/index.php?rest_route=\/wp\/v2\/users\/1"}],"replies":[{"embeddable":true,"href":"https:\/\/selleriapassionecavallo.it\/index.php?rest_route=%2Fwp%2Fv2%2Fcomments&post=65510"}],"version-history":[{"count":7,"href":"https:\/\/selleriapassionecavallo.it\/index.php?rest_route=\/wp\/v2\/pages\/65510\/revisions"}],"predecessor-version":[{"id":65521,"href":"https:\/\/selleriapassionecavallo.it\/index.php?rest_route=\/wp\/v2\/pages\/65510\/revisions\/65521"}],"wp:attachment":[{"href":"https:\/\/selleriapassionecavallo.it\/index.php?rest_route=%2Fwp%2Fv2%2Fmedia&parent=65510"}],"curies":[{"name":"wp","href":"https:\/\/api.w.org\/{rel}","templated":true}]}}